. Suppose 8*b - 13*b + 2510 = q. Is b a prime number?
False
Let l = 10 - -4. Is (-11)/(4/l + 1040/(-3248)) a prime number?
False
Let r(c) = 1 + c**2 + 5*c + 0*c**2 + 0 + 1. Let s be r(-5). Suppose -2*l - 5*h + 1890 = l, s*l = -5*h + 1255. Is l a composite number?
True
Suppose 0 = 4*c - 501 + 4021. Let i = c - -2931. Is i a composite number?
True
Let r(t) = 63202*t**2 - t - 4. Is r(1) a prime number?
True
Is (0 - 74644)*1/(-4) a composite number?
False
Let d = 14 + -1. Let f = 17 - d. Suppose r - 1988 = -3*r - f*j, 505 = r - 3*j. Is r prime?
True
Let z(u) = u - 2. Let o be z(5). Let a be (-162)/(-2)*o/9. Let r = a + -14. Is r a prime number?
True
Is (3/1 - 4)/(5/(-3595)) prime?
True
Suppose -7*u - x + 12 = -2*u, -x = -u. Let t(i) = 55*i**2 - 4*i - 2. Let o be t(4). Suppose u*r = -o + 2972. Is r a composite number?
True
Suppose 3*m - m = 6. Let c(p) = 2 - 7 + 22*p + 9 + 7*p. Is c(m) prime?
False
Suppose -2*c + 569 = w - 940, 5*w - 7597 = 3*c. Is w composite?
True
Let p(o) = 594*o + 9. Let a be p(9). Suppose -3*u - 1079 = -i, a = 5*i - 3*u - 2*u. Is i a composite number?
True
Is 2 + 3 - (1448/(-8) - 8) a prime number?
False
Let p(k) = 30*k**2 - 6*k + 2. Let m be p(-6). Suppose v + m = 3*a, 0*a = 3*a - 3*v - 1116. Is a prime?
True
Suppose -2*b - 7*v + 33 = -2*v, 0 = b + 2*v - 14. Suppose -b*c + 7*c = 555. Is c a composite number?
True
Let x(h) = -h**2 + 2*h - 91. Let m(y) = -y**2 + 3*y - 92. Let l(v) = 2*m(v) - 3*x(v). Let b(n) = 4*n - 4. Let s be b(1). Is l(s) composite?
False
Suppose 2*i - 7 + 33 = 0. Let t(g) = g**3 + 12*g**2 - 19*g. Let w be t(i). Suppose 0 = -0*j - 2*j + w. Is j prime?
False
Let l = 294 - -2676. Let w = 5755 - l. Is w composite?
True
Let i(c) = c**3 - 23*c**2 - 23*c - 38. Let k be i(24). Let s(w) = 9*w**2 + 6*w + 11. Is s(k) prime?
False
Let y(l) = 12*l**2 + 47*l - 23. Is y(8) a prime number?
False
Let y be ((-84972)/(-21))/2 + (-2)/14. Let p = -1068 + y. Is p a composite number?
True
Let o = -105 + 91. Is (-11001)/(-17) - o/(-595)*5 prime?
True
Suppose 10 = -2*b + 8424. Is b prime?
False
Let r(x) be the second derivative of 1/3*x**4 - 4/3*x**3 + 9/2*x**2 - 5*x + 0. Is r(7) prime?
True
Suppose 3*n = 4*m - 55 - 85, -80 = -3*m - 4*n. Let a(d) = -11*d**2 + d**3 + m - 15 + 2*d - 19 + 13*d. Is a(11) a composite number?
False
Let t be (-279)/(-36) + 3/(-4). Is 3/7 - (-118)/t*143 prime?
True
Let r = 11 - 7. Suppose 2*b - 360 = -b. Suppose r*i - 204 = 4*x, 3*x + b = 4*i - 86. Is i prime?
True
Suppose 0 = l + 2*l - 5*p - 42, 5*l - 3*p - 86 = 0. Suppose -l*j + 8635 = -14*j. Is j a prime number?
False
Suppose -13*m - 12 = -7*m. Is (-1)/((6/(-8))/((-303)/m)) prime?
False
Suppose p - 3*p + 32 = -4*x, p - x = 11. Is 5268/18 - (-2)/p prime?
True
Let i be 35841/26 + (-2)/4. Suppose -3*w + w = -i. Is w composite?
True
Let k(p) = p**3 + 15*p**2 - 12*p + 25. Let n = 42 + -56. Is k(n) a prime number?
True
Let u(b) = 36*b**2 - 5*b + 111. Is u(10) prime?
False
Let f(a) be the second derivative of 4*a**3/3 - 3*a**2/2 - a. Let w be f(1). Suppose w*s - 159 = 1156. Is s a prime number?
True
Let w(n) = -6*n**2 - 12*n - 1. Let x(m) = -13*m**2 - 25*m - 3. Let b(k) = -5*w(k) + 2*x(k). Is b(7) a composite number?
True
Suppose -p - 5*u - 40 = -3*p, -18 = -3*p - 3*u. Suppose 15*n - 19*n + 20 = 0. Is 1444/p + 3/n prime?
False
Suppose 0*v = -v + 1. Let l be v/(6/9 - 1). Let k(u) = 4*u**2 - u - 2. Is k(l) a prime number?
True
Suppose -15*c + 1746 = -430359. Is c composite?
False
Let j = 1473 - 76. Is j a composite number?
True
Let u be (-26)/39 - (-16)/6. Suppose -3*q + 864 = -5*m + 266, u*q + m = 377. Is q prime?
True
Suppose k + 5*b + 5 = 0, -b - 5 = 3*k + 4*b. Suppose k*d = 3*d - 9. Suppose d*q - 541 = 596. Is q a composite number?
False
Let p = -1 - -1. Suppose -2*v = -2*b + 2 + 12, 4*v + 13 = -b. Suppose p*s - b = s - 2*t, 0 = -s + t. Is s a prime number?
True
Suppose 157 - 910 = -q - 5*n, q - n - 765 = 0. Is q a prime number?
False
Let j(g) be the second derivative of -g**4/6 + g**3/6 + 2*g**2 + 5*g. Let v be j(-2). Let y(r) = r**3 + 8*r**2 + 2*r - 7. Is y(v) a composite number?
False
Let j be 10/(-25) - (-4)/10. Suppose j = -9*t + 14*t - 28775. Is t a prime number?
False
Suppose m - 5*s - 1404 = 0, 0 = 4*m + 5*s - 176 - 5415. Is m a prime number?
True
Let a be ((-1)/4)/(1/(-4)). Is a*2/(-4)*-166 prime?
True
Suppose -6*r + 2*r - 18 = -3*f, 2*f - r - 17 = 0. Is (-5)/(f/(-4)) - -2537 a composite number?
False
Suppose 4*a - 539749 = -3*l, 3*l + 0*a = -a + 539746. Is l a prime number?
False
Suppose -10 = -7*j + 2*j. Let f be ((-4)/(-3))/2 - 676/(-12). Suppose -j*r + f = -r. Is r prime?
False
Is (-1 - 1) + (-76 - -581) a composite number?
False
Suppose 285 = 2*a - 5. Suppose 20*k = 10*k + 1060. Let n = a + k. Is n a prime number?
True
Suppose -37*y + 40*y = -4*t + 26401, -26405 = -3*y - 2*t. Is y a prime number?
True
Let x = 164 + -104. Suppose x = u - 820. Suppose 0 = k + 2*f - 883, -3*f + u = -2*k + 3*k. Is k prime?
False
Let n(v) = v**2 + 2*v - 1. Let g be n(2). Suppose -3*l - g + 4 = 0, -4*l + 2698 = 2*j. Is j a prime number?
False
Suppose 41*y = 14*y + 2457. Is y composite?
True
Suppose 2*j = 4*a + 226, 745 = 4*j + a + 257. Is j a prime number?
False
Let b(s) = 5*s**2 - 5 + 1 + 47*s - 7 + 0. Is b(-13) prime?
True
Suppose -4*x + 7*x - 2*a = 712, -x - 4*a = -214. Suppose -3*v + f = -x, 2*f = -4*v + 4*f + 314. Is v a composite number?
True
Let d(s) = 69*s**2 - 10*s + 17. Is d(-8) a prime number?
True
Let m(a) = a**2 - 8*a + 9. Let o be m(7). Let v be (-1 + 2)/(o/6). Suppose 320 = v*c - 2*k - 145, 0 = -2*c - 2*k + 310. Is c prime?
False
Suppose -5*w + 3*a + 569 = 0, 15 = -2*a - 3*a. Let s = w + -17. Suppose 4*n = -n + s. Is n a prime number?
True
Suppose -495 = -5*y - 5*c + c, 3*y - 297 = -5*c. Suppose -66*l = -76*l + 140. Let z = y - l. Is z a prime number?
False
Is 1 + 0 + (-3 + -17053)/(-2) composite?
True
Let q(z) = z + 0 - 33 - 25*z + 10*z**2. Is q(-10) a composite number?
True
Let s be 2/(-4)*-1 + (-955)/2. Let p = -34 - s. Is p prime?
True
Let h(w) = -63*w - 16. Is h(-10) a composite number?
True
Let n(g) = g**2 - 7*g + 17. Let y be n(4). Suppose y*i + i - 8454 = 0. Is i a composite number?
False
Let j(c) be the first derivative of -c**4/4 + 11*c**3/3 - 7*c**2/2 + 13*c - 3. Suppose 3*w + 2*w - 50 = 0. Is j(w) prime?
True
Suppose 4*p + 3143 + 45223 = 6*v, 0 = -2*p. Is v prime?
False
Let m(l) = l**3 + l**2 - l + 1. Let n(r) = -5*r**3 - 15*r**2 + 3*r - 10. Let s(t) = -6*m(t) - n(t). Is s(5) a composite number?
True
Suppose 2 - 6 = -j, 5*j = -3*h + 26. Suppose 0 = -h*d + 5*y + 1035 + 176, -5*d + 2*y + 3059 = 0. Is d a prime number?
True
Suppose -3694 = 2*n - 3*n. Let x = 5315 - n. Is x a composite number?
False
Let o(i) = -i**2 - 12*i + 18. Let y be o(-13). Let f(h) = h**2 - 3*h - 11. Let n be f(y). Is 1 + 7*(-12)/n composite?
True
Let g(d) = -2*d**3 + 22*d**2 + 7*d - 29. Let j(l) = -l**3 + 11*l**2 + 3*l - 14. Let q(m) = -3*g(m) + 5*j(m). Is q(12) composite?
False
Let n = -3399 + 6100. Is n a prime number?
False
Let n(j) be the third derivative of -7*j**4/12 - 5*j**3/2 - 14*j**2. Is n(-7) a prime number?
True
Is (145/(-15))/(6874/1146 + -6) prime?
False
Let m be 9/(-54) + (-75)/(-18). Suppose -2*n - m*q = -1350, n + 4*q - q - 670 = 0. Is n prime?
False
Let t = -723 + 3610. Is t composite?
False
Let r(v) = -v + 15. Let n be r(0). Let y = n - 17. Is y/(-2*2/134) a composite number?
False
Suppose 28*w - 33*w = -12595. Is w composite?
True
Let y(v) be the third derivative of v**5/20 - 7*v**4/24 + 7*v**3/6 - 6*v**2. Is y(-10) prime?
False
Let y = -8937 - -19964. Is y composite?
False
Let k(c) = c + 12. Let t be k(-7). Suppose 5*n + 15 = t*f, -2*n + 12 = 3*n + 4*f. Suppose -5*x = -n*x + 2*h - 1827, -4*x + h = -1472. Is x composite?
False
Let o(g) = -6*g + 10. Suppose -3*d + 3*a + 90 = a, d = 2*a + 26. Suppose -5*h - d = -2. Is o(h) composite?
True
Suppose -13*k = -12*k. Suppose 5*m + 3*s = 3682, 3*m + 3*s - 2214 = -k*m. Is m composite?
True
Suppose 12 = -4*y, 1410 + 1585 = 4*i - 5*y. Suppose -6*a = -a + i. Let s = a + 228. Is s composite?
False
Let k be (88/6)/((-75)/(-36) - 2). Let l(n) = -n**3 + 5*n**2 - n + 7. Let b be l(5). Suppose -b*g - k = -684. Is g composite?
True
Let n be ((-1782)/77)/((-6)/28). Suppose -3*h = n - 1446. Is h a prime number?
False
